{"id":26966,"date":"2025-11-23T07:32:19","date_gmt":"2025-11-23T06:32:19","guid":{"rendered":"https:\/\/youarepretty.de\/b2b\/?post_type=product&#038;p=26966"},"modified":"2025-12-02T00:10:22","modified_gmt":"2025-12-01T23:10:22","slug":"aloe-vera-pure-98-intense-serum","status":"publish","type":"product","link":"https:\/\/youarepretty.de\/b2b\/shop\/aloe-vera-pure-98-intense-serum\/","title":{"rendered":"ALOE VERA PURE 98 % INTENSE SERUM"},"content":{"rendered":"<p>Intensive Feuchtigkeit und Beruhigung in ihrer reinsten Form: unser Aloe Vera Intense Serum besteht aus 98 % purem Aloe Vera und ist ein wahres Feuchtigkeitswunder f\u00fcr jede Haut, die sich Frische, Balance und nat\u00fcrliche Wirkstoffe w\u00fcnscht. Es wirkt tief hydratisierend, beruhigt gereizte und gestresste Haut und st\u00e4rkt die nat\u00fcrliche Hautbarriere. Aloe Vera ist bekannt f\u00fcr ihre au\u00dfergew\u00f6hnlich hautfreundliche, beruhigende Eigenschaft und ist extrem gut vertr\u00e4glich. Sie ist so gut wie nicht allergen und wird selbst von sehr sensiblen, irritierten und anspruchsvollen Hautbildern vertragen. Die leichte, schnell einziehende Textur erfrischt ohne zu kleben oder zu beschweren und versorgt die tieferen Hautebenen mit viel Feuchtigkeit. F\u00fcr einen frischen, vitalen, strahlenden Teint aus purer Natur und f\u00fcr maximale Vertr\u00e4glichkeit.<\/p>\n","protected":false},"excerpt":{"rendered":"<p>AQUA, ALOE BARBADENSIS LEAF EXTRACT, GLYCERIN, XANTHAN GUM, SODIUM BENZOATE, TOCOPHERYL ACETATE, CITRIC ACID<\/p>\n","protected":false},"featured_media":27382,"template":"","meta":[],"product_brand":[],"product_cat":[290,300,278],"product_tag":[],"class_list":{"0":"post-26966","1":"product","2":"type-product","3":"status-publish","4":"has-post-thumbnail","6":"product_cat-aloe-vera-pure-98-intense-serum","7":"product_cat-neurokosmetik","8":"product_cat-serum","10":"first","11":"instock","12":"taxable","13":"shipping-taxable","14":"purchasable","15":"product-type-simple"},"jetpack_sharing_enabled":true,"_links":{"self":[{"href":"https:\/\/youarepretty.de\/b2b\/wp-json\/wp\/v2\/product\/26966","targetHints":{"allow":["GET"]}}],"collection":[{"href":"https:\/\/youarepretty.de\/b2b\/wp-json\/wp\/v2\/product"}],"about":[{"href":"https:\/\/youarepretty.de\/b2b\/wp-json\/wp\/v2\/types\/product"}],"version-history":[{"count":5,"href":"https:\/\/youarepretty.de\/b2b\/wp-json\/wp\/v2\/product\/26966\/revisions"}],"predecessor-version":[{"id":27383,"href":"https:\/\/youarepretty.de\/b2b\/wp-json\/wp\/v2\/product\/26966\/revisions\/27383"}],"wp:featuredmedia":[{"embeddable":true,"href":"https:\/\/youarepretty.de\/b2b\/wp-json\/wp\/v2\/media\/27382"}],"wp:attachment":[{"href":"https:\/\/youarepretty.de\/b2b\/wp-json\/wp\/v2\/media?parent=26966"}],"wp:term":[{"taxonomy":"product_brand","embeddable":true,"href":"https:\/\/youarepretty.de\/b2b\/wp-json\/wp\/v2\/product_brand?post=26966"},{"taxonomy":"product_cat","embeddable":true,"href":"https:\/\/youarepretty.de\/b2b\/wp-json\/wp\/v2\/product_cat?post=26966"},{"taxonomy":"product_tag","embeddable":true,"href":"https:\/\/youarepretty.de\/b2b\/wp-json\/wp\/v2\/product_tag?post=26966"}],"curies":[{"name":"wp","href":"https:\/\/api.w.org\/{rel}","templated":true}]}}