{"id":19176,"date":"2023-11-17T16:11:17","date_gmt":"2023-11-17T15:11:17","guid":{"rendered":"https:\/\/youarepretty.de\/b2b\/?post_type=product&#038;p=19176"},"modified":"2025-12-02T00:10:05","modified_gmt":"2025-12-01T23:10:05","slug":"aqua-facial-master-abrasionsaufsaetze-set","status":"publish","type":"product","link":"https:\/\/youarepretty.de\/b2b\/shop\/aqua-facial-master-abrasionsaufsaetze-set\/","title":{"rendered":"Aqua Facial Master Hydroaufs\u00e4tze 8er-Set Hartkunststoff"},"content":{"rendered":"<p>Transparente Abrasionsaufs\u00e4tze im 8er Set zum Nachbestellen f\u00fcr den Aqua Facial Master 4 und 7.<\/p>\n<p>In diesem praktischen Set befinden sich 8 verschiedene Gr\u00f6\u00dfen, die individuell einsetzbar sind f\u00fcr die unterschiedlichen Behandlungsregionen. Die Hartkunstoff-Aufs\u00e4tze sind enorm robust und wiederverwendbar. Durch das transparente Material l\u00e4sst sich die richtige Sog-Einstellung w\u00e4hrend der Anwendung besonders gut erkennen.<\/p>\n","protected":false},"excerpt":{"rendered":"<p>Transparente Abrasionsaufs\u00e4tze im 8er Set zum Nachbestellen f\u00fcr den Aqua Facial Master 4 und 7. In diesem praktischen Set befinden sich 8 verschiedene Gr\u00f6\u00dfen, die individuell einsetzbar sind f\u00fcr die unterschiedlichen Behandlungsregionen. Die Hartkunstoff-Aufs\u00e4tze sind enorm robust und wiederverwendbar. Durch das transparente Material l\u00e4sst sich die richtige Sog-Einstellung w\u00e4hrend der Anwendung besonders gut erkennen.<\/p>\n","protected":false},"featured_media":26268,"template":"","meta":[],"product_brand":[],"product_cat":[240,208,212,128,228,85],"product_tag":[],"class_list":{"0":"post-19176","1":"product","2":"type-product","3":"status-publish","4":"has-post-thumbnail","6":"product_cat-ersatzteile","7":"product_cat-profi-produkte","8":"product_cat-aqua-facial","9":"product_cat-prettywoman-code","10":"product_cat-shop-gallery","11":"product_cat-shop-pretty-skin","13":"first","14":"instock","15":"taxable","16":"shipping-taxable","17":"purchasable","18":"product-type-simple"},"jetpack_sharing_enabled":true,"_links":{"self":[{"href":"https:\/\/youarepretty.de\/b2b\/wp-json\/wp\/v2\/product\/19176","targetHints":{"allow":["GET"]}}],"collection":[{"href":"https:\/\/youarepretty.de\/b2b\/wp-json\/wp\/v2\/product"}],"about":[{"href":"https:\/\/youarepretty.de\/b2b\/wp-json\/wp\/v2\/types\/product"}],"version-history":[{"count":5,"href":"https:\/\/youarepretty.de\/b2b\/wp-json\/wp\/v2\/product\/19176\/revisions"}],"predecessor-version":[{"id":26278,"href":"https:\/\/youarepretty.de\/b2b\/wp-json\/wp\/v2\/product\/19176\/revisions\/26278"}],"wp:featuredmedia":[{"embeddable":true,"href":"https:\/\/youarepretty.de\/b2b\/wp-json\/wp\/v2\/media\/26268"}],"wp:attachment":[{"href":"https:\/\/youarepretty.de\/b2b\/wp-json\/wp\/v2\/media?parent=19176"}],"wp:term":[{"taxonomy":"product_brand","embeddable":true,"href":"https:\/\/youarepretty.de\/b2b\/wp-json\/wp\/v2\/product_brand?post=19176"},{"taxonomy":"product_cat","embeddable":true,"href":"https:\/\/youarepretty.de\/b2b\/wp-json\/wp\/v2\/product_cat?post=19176"},{"taxonomy":"product_tag","embeddable":true,"href":"https:\/\/youarepretty.de\/b2b\/wp-json\/wp\/v2\/product_tag?post=19176"}],"curies":[{"name":"wp","href":"https:\/\/api.w.org\/{rel}","templated":true}]}}