{"id":17352,"date":"2023-10-04T20:24:21","date_gmt":"2023-10-04T18:24:21","guid":{"rendered":"https:\/\/youarepretty.de\/b2b\/?post_type=product&#038;p=17352"},"modified":"2025-12-02T00:10:03","modified_gmt":"2025-12-01T23:10:03","slug":"kollagenfaden-lifting-xl-starterset-7-teilig","status":"publish","type":"product","link":"https:\/\/youarepretty.de\/b2b\/shop\/kollagenfaden-lifting-xl-starterset-7-teilig\/","title":{"rendered":"Kollagenfaden Lifting XL Starterset (7-teilig)"},"content":{"rendered":"<p>Mit unserem Starterset f\u00fcr die Kollagenfaden Lifting Behandlung hast du alle erforderlichen Materialien zur Hand und kannst direkt nach der Hautreinigung starten. Es besteht aus unseren Kollagenseidenf\u00e4den sowie den dazu passenden Wirkstoffampullen und einer Abschlusspflege der Firma KLAPP. Die Seren verf\u00fcgen \u00fcber ein starkes Feuchtigkeitsbindeverm\u00f6gen und wirken in Kombination mit unseren Kollagenf\u00e4den als F\u00fcllsubstanz zur intensiven Faltengl\u00e4ttung. Eine tolle Anti Aging Behandlung in deiner Kabine.<\/p>\n<p>Das Set reicht f\u00fcr ca. 15 Anwendungen:<\/p>\n<p>3 x Ampullen je 30 XL Kollagenf\u00e4den aus Seidenprotein<br \/>\n2 x 10 x 2 ml Wirkstoffseren steril dosiert<br \/>\n1 x 50 ml Kollagen Lipid Abschlusscreme<br \/>\n1 x Smart Brush<\/p>\n","protected":false},"excerpt":{"rendered":"<p>Die Inhaltsstoffe finden Sie jeweils bei den im Set inkludierten Produkten.<\/p>\n","protected":false},"featured_media":17402,"template":"","meta":[],"product_brand":[],"product_cat":[208,217,128,231,85],"product_tag":[],"class_list":{"0":"post-17352","1":"product","2":"type-product","3":"status-publish","4":"has-post-thumbnail","6":"product_cat-profi-produkte","7":"product_cat-kollagenfaden-lifting","8":"product_cat-prettywoman-code","9":"product_cat-shop-extended-gallery","10":"product_cat-shop-pretty-skin","12":"first","13":"instock","14":"sale","15":"taxable","16":"shipping-taxable","17":"purchasable","18":"product-type-simple"},"jetpack_sharing_enabled":true,"_links":{"self":[{"href":"https:\/\/youarepretty.de\/b2b\/wp-json\/wp\/v2\/product\/17352","targetHints":{"allow":["GET"]}}],"collection":[{"href":"https:\/\/youarepretty.de\/b2b\/wp-json\/wp\/v2\/product"}],"about":[{"href":"https:\/\/youarepretty.de\/b2b\/wp-json\/wp\/v2\/types\/product"}],"version-history":[{"count":4,"href":"https:\/\/youarepretty.de\/b2b\/wp-json\/wp\/v2\/product\/17352\/revisions"}],"predecessor-version":[{"id":24801,"href":"https:\/\/youarepretty.de\/b2b\/wp-json\/wp\/v2\/product\/17352\/revisions\/24801"}],"wp:featuredmedia":[{"embeddable":true,"href":"https:\/\/youarepretty.de\/b2b\/wp-json\/wp\/v2\/media\/17402"}],"wp:attachment":[{"href":"https:\/\/youarepretty.de\/b2b\/wp-json\/wp\/v2\/media?parent=17352"}],"wp:term":[{"taxonomy":"product_brand","embeddable":true,"href":"https:\/\/youarepretty.de\/b2b\/wp-json\/wp\/v2\/product_brand?post=17352"},{"taxonomy":"product_cat","embeddable":true,"href":"https:\/\/youarepretty.de\/b2b\/wp-json\/wp\/v2\/product_cat?post=17352"},{"taxonomy":"product_tag","embeddable":true,"href":"https:\/\/youarepretty.de\/b2b\/wp-json\/wp\/v2\/product_tag?post=17352"}],"curies":[{"name":"wp","href":"https:\/\/api.w.org\/{rel}","templated":true}]}}