{"id":15612,"date":"2022-12-21T15:13:36","date_gmt":"2022-12-21T14:13:36","guid":{"rendered":"https:\/\/youarepretty.de\/b2b\/?post_type=product&#038;p=15612"},"modified":"2025-12-02T00:09:58","modified_gmt":"2025-12-01T23:09:58","slug":"aqua-facial-solution-3-repair-and-care","status":"publish","type":"product","link":"https:\/\/youarepretty.de\/b2b\/shop\/aqua-facial-solution-3-repair-and-care\/","title":{"rendered":"Aqua Facial Solution 3 Hydrate + Repair"},"content":{"rendered":"<p style=\"font-weight: 400;\"><strong>S3: Schritt 3 der 4-Phasen-Behandlung<\/strong><\/p>\n<p style=\"font-weight: 400;\">Die intensive Feuchtigkeits- und Repairsolution st\u00e4rkt die Hautbarriere und unterst\u00fctzt die Regeneration. Gereizte, irritierte Haut wird beruhigt und die Zellerneuerung gezielt gef\u00f6rdert. Ein ausgewogener Peptid-Anteil sorgt f\u00fcr einen sicht- und sp\u00fcrbaren Anti-Aging-Effekt.<\/p>\n<p style=\"font-weight: 400;\">F\u00fcr jeden Hauttyp geeignet. 500 ml reichen f\u00fcr ca. 10 Anwendungen a 50 ml. Das entspricht gerade einmal ca. 6,50 EUR brutto Wareneinsatz pro Kunde.<\/p>\n<p style=\"font-weight: 400;\">Mit unserem bew\u00e4hrten 4-Phasen-System erzielst du bei deiner Aqua Facial Behandlung in 4 Schritten das perfekte Hautergebnis ohne weiteren Materialeinsatz. F\u00fcr ein sicht- und sp\u00fcrbares Ergebnis f\u00fcr dich und deine Kunden!<\/p>\n<p style=\"font-weight: 400;\">Phase 1 mit Solution 1: Tiefenreinigung und Exfolierung<\/p>\n<p style=\"font-weight: 400;\">Phase 2 mit Solution 2: Peeling, Porenreinigung und Abschuppen<\/p>\n<p style=\"font-weight: 400;\">Phase 3 mit Solution 3: Feuchtigkeitsversorgung, Beruhigung und Antiaging<\/p>\n<p style=\"font-weight: 400;\">Phase 4 mit Solution 4: Straffung, Schutz und Glow Finish (mit Oxygenspray oder Pinsel auftragen)<\/p>\n<p><strong>DIE NEUROWIRKSTOFFE:<\/strong><\/p>\n<p style=\"font-weight: 400;\"><strong>Hyaluron<\/strong> in 3 Molek\u00fclgr\u00f6\u00dfen versorgt die Haut mehrschichtig mit Feuchtigkeit, polstert sie auf und verbessert die Elastizit\u00e4t.<\/p>\n<p style=\"font-weight: 400;\"><strong>Rettichwurzel <\/strong>unterst\u00fctzt das k\u00f6rpereigene Hautmikrobiom und wirkt antimikrobiell.<\/p>\n<p style=\"font-weight: 400;\"><strong>Ginsengwurzel<\/strong> wirkt entz\u00fcndungshemmend und f\u00f6rdert die Sauerstoffaufnahme der Haut.<\/p>\n<p style=\"font-weight: 400;\"><strong>Gr\u00fcnalge<\/strong> ist reich an Mineralstoffen und Spurenelementen und sch\u00fctzt vor freien Radikalen.<\/p>\n<p style=\"font-weight: 400;\"><strong>Mariendistel<\/strong> wirkt stark antioxidativ, regenerierend und beruhigt gestresste Haut.<\/p>\n<p style=\"font-weight: 400;\"><strong>Gerste<\/strong> entgiftet, wirkt antioxidativ und f\u00f6rdert die Heilung.<\/p>\n<p style=\"font-weight: 400;\"><strong>Hirschwurzel<\/strong> regt die Kollagenproduktion an und festigt die Haut.<\/p>\n<p style=\"font-weight: 400;\"><strong>Basilikum<\/strong> ist reich an Vitamin A und C, wirkt antimikrobiell und antioxidativ.<\/p>\n<p style=\"font-weight: 400;\"><strong>Weizenkeim<\/strong> hat eine durchblutungsf\u00f6rdernde, antioxidative und regenerierende Wirkung.<\/p>\n<p style=\"font-weight: 400;\"><strong>Apfel + Pfirsich<\/strong> sind reich an Vitaminen, Mineralien und sch\u00fctzen durch Flavonoide.<\/p>\n<p>Produkthinweise:<br \/>\n+ Made in Germany<br \/>\n+ Neurokosmetische Qualit\u00e4t<br \/>\n+ Clean Beauty zertifiziert<br \/>\n+ Vegan und tierversuchsfrei<br \/>\n+ Mit all unseren Ger\u00e4ten kompatibel<br \/>\n+ K\u00fchl und trocken lagern<br \/>\n+ Nach Anbruch 6 Monate haltbar<br \/>\n+ reicht f\u00fcr ca 10 Anwendungen<\/p>\n<p>Inhalt: 500 ml<\/p>\n","protected":false},"excerpt":{"rendered":"<p style=\"font-weight: 400;\">AQUA, PROPANEDIOL, SODIUM LEVULINATE, LEUCONOSTOC\/RADISH ROOT FERMENT FILTRATE, HORDEUM VULGARE SEED EXTRACT, PYRUS MALUS JUICE, PRUNUS PERSICA JUICE, TRITICUM VULGARE SEED EXTRACT, POTASSIUM SORBATE, PANAX GINSENG ROOT EXTRACT, PENTYLENE GLYCOL, ZIZIPHUS JUJUBA SEED EXTRACT, ENTEROMORPHA COMPRESS EXTRACT, GLYCERYL CAPRYLATE, SODIUM HYALURONATE, PHYTOECDYSTEROIDS, SILYBUM MARIANUM FRUIT EXTRACT, OCIMUM SANCTUM LEAF EXTRACT, SODIUM BENZOATE, GLYCERYL UNDECYLENATE, CITRIC ACID<\/p>\n","protected":false},"featured_media":26862,"template":"","meta":[],"product_brand":[],"product_cat":[208,212,231,85],"product_tag":[],"class_list":{"0":"post-15612","1":"product","2":"type-product","3":"status-publish","4":"has-post-thumbnail","6":"product_cat-profi-produkte","7":"product_cat-aqua-facial","8":"product_cat-shop-extended-gallery","9":"product_cat-shop-pretty-skin","10":"product_shipping_class-dhl","12":"first","13":"instock","14":"taxable","15":"shipping-taxable","16":"purchasable","17":"product-type-simple"},"jetpack_sharing_enabled":true,"_links":{"self":[{"href":"https:\/\/youarepretty.de\/b2b\/wp-json\/wp\/v2\/product\/15612","targetHints":{"allow":["GET"]}}],"collection":[{"href":"https:\/\/youarepretty.de\/b2b\/wp-json\/wp\/v2\/product"}],"about":[{"href":"https:\/\/youarepretty.de\/b2b\/wp-json\/wp\/v2\/types\/product"}],"version-history":[{"count":18,"href":"https:\/\/youarepretty.de\/b2b\/wp-json\/wp\/v2\/product\/15612\/revisions"}],"predecessor-version":[{"id":27405,"href":"https:\/\/youarepretty.de\/b2b\/wp-json\/wp\/v2\/product\/15612\/revisions\/27405"}],"wp:featuredmedia":[{"embeddable":true,"href":"https:\/\/youarepretty.de\/b2b\/wp-json\/wp\/v2\/media\/26862"}],"wp:attachment":[{"href":"https:\/\/youarepretty.de\/b2b\/wp-json\/wp\/v2\/media?parent=15612"}],"wp:term":[{"taxonomy":"product_brand","embeddable":true,"href":"https:\/\/youarepretty.de\/b2b\/wp-json\/wp\/v2\/product_brand?post=15612"},{"taxonomy":"product_cat","embeddable":true,"href":"https:\/\/youarepretty.de\/b2b\/wp-json\/wp\/v2\/product_cat?post=15612"},{"taxonomy":"product_tag","embeddable":true,"href":"https:\/\/youarepretty.de\/b2b\/wp-json\/wp\/v2\/product_tag?post=15612"}],"curies":[{"name":"wp","href":"https:\/\/api.w.org\/{rel}","templated":true}]}}