{"id":13656,"date":"2022-02-08T11:00:21","date_gmt":"2022-02-08T10:00:21","guid":{"rendered":"https:\/\/youarepretty.de\/b2b\/?post_type=product&#038;p=13656"},"modified":"2025-12-02T00:09:53","modified_gmt":"2025-12-01T23:09:53","slug":"pretty-gutschein-50","status":"publish","type":"product","link":"https:\/\/youarepretty.de\/b2b\/shop\/pretty-gutschein-50\/","title":{"rendered":"Pretty Gutschein 50"},"content":{"rendered":"<p>Du suchst nach einer besonderen Geschenkidee f\u00fcr deine Liebsten oder m\u00f6chtest jemandem eine tolle Auszeit schenken? Dann sind unsere h\u00fcbschen Gutscheine mit hochwertiger Goldpr\u00e4gung genau das Richtige f\u00fcr dich. Diese k\u00f6nnen ganz flexibel f\u00fcr alle Behandlungen in unserem Institut eingel\u00f6st werden.<\/p>\n<p>Unsere Gutscheine werden innerhalb von 3 Werktagen sicher per Einwurf-Einschreiben an dich versendet. Viel Spa\u00df beim Verschenken!<\/p>\n","protected":false},"excerpt":{"rendered":"<p>Du suchst nach einer besonderen Geschenkidee f\u00fcr deine Liebsten oder m\u00f6chtest jemandem eine tolle Auszeit schenken? Dann sind unsere h\u00fcbschen Gutscheine mit hochwertiger Goldpr\u00e4gung genau das Richtige f\u00fcr dich. Diese k\u00f6nnen ganz flexibel f\u00fcr alle Behandlungen in unserem Institut eingel\u00f6st werden. Unsere Gutscheine werden innerhalb von 3 Werktagen sicher per Einwurf-Einschreiben an dich versendet. Viel [&hellip;]<\/p>\n","protected":false},"featured_media":13657,"template":"","meta":[],"product_brand":[],"product_cat":[223,228,86,84,85],"product_tag":[],"class_list":{"0":"post-13656","1":"product","2":"type-product","3":"status-publish","4":"has-post-thumbnail","6":"product_cat-gutscheine","7":"product_cat-shop-gallery","8":"product_cat-shop-pretty-face","9":"product_cat-shop-pretty-hair","10":"product_cat-shop-pretty-skin","12":"first","13":"instock","14":"taxable","15":"shipping-taxable","16":"purchasable","17":"product-type-simple"},"jetpack_sharing_enabled":true,"_links":{"self":[{"href":"https:\/\/youarepretty.de\/b2b\/wp-json\/wp\/v2\/product\/13656","targetHints":{"allow":["GET"]}}],"collection":[{"href":"https:\/\/youarepretty.de\/b2b\/wp-json\/wp\/v2\/product"}],"about":[{"href":"https:\/\/youarepretty.de\/b2b\/wp-json\/wp\/v2\/types\/product"}],"version-history":[{"count":4,"href":"https:\/\/youarepretty.de\/b2b\/wp-json\/wp\/v2\/product\/13656\/revisions"}],"predecessor-version":[{"id":24817,"href":"https:\/\/youarepretty.de\/b2b\/wp-json\/wp\/v2\/product\/13656\/revisions\/24817"}],"wp:featuredmedia":[{"embeddable":true,"href":"https:\/\/youarepretty.de\/b2b\/wp-json\/wp\/v2\/media\/13657"}],"wp:attachment":[{"href":"https:\/\/youarepretty.de\/b2b\/wp-json\/wp\/v2\/media?parent=13656"}],"wp:term":[{"taxonomy":"product_brand","embeddable":true,"href":"https:\/\/youarepretty.de\/b2b\/wp-json\/wp\/v2\/product_brand?post=13656"},{"taxonomy":"product_cat","embeddable":true,"href":"https:\/\/youarepretty.de\/b2b\/wp-json\/wp\/v2\/product_cat?post=13656"},{"taxonomy":"product_tag","embeddable":true,"href":"https:\/\/youarepretty.de\/b2b\/wp-json\/wp\/v2\/product_tag?post=13656"}],"curies":[{"name":"wp","href":"https:\/\/api.w.org\/{rel}","templated":true}]}}