{"id":13439,"date":"2021-12-23T13:50:21","date_gmt":"2021-12-23T12:50:21","guid":{"rendered":"https:\/\/youarepretty.de\/b2b\/?post_type=product&#038;p=13439"},"modified":"2025-12-02T00:09:53","modified_gmt":"2025-12-01T23:09:53","slug":"kollagenfaden-set","status":"publish","type":"product","link":"https:\/\/youarepretty.de\/b2b\/shop\/kollagenfaden-set\/","title":{"rendered":"Kollagenfaden-Set"},"content":{"rendered":"<p><strong>Ab sofort mit noch mehr Inhalt!<\/strong> Das Starterset f\u00fcr die Kollagenfaden Lifting Behandlung besteht aus unseren Kollagenseidenf\u00e4den sowie den dazu passenden Wirkstoffampullen der Firma KLAPP. Die Seren verf\u00fcgen \u00fcber ein starkes Feuchtigkeitsbindeverm\u00f6gen und wirken in Kombination mit unseren Kollagenf\u00e4den als F\u00fcllsubstanz zur intensiven Faltengl\u00e4ttung. Eine tolle Anti Aging Behandlung in deiner Kabine.<\/p>\n<p><strong>Produkthinweis:<\/strong><\/p>\n<p>\u2022 Das Set reicht f\u00fcr ca. 6-8 Anwendungen.<br \/>\n\u2022 60 XL Kollagenf\u00e4den aus Seidenprotein<br \/>\n\u2022 10 x 2 ml Wirkstoffseren steril dosiert<\/p>\n","protected":false},"excerpt":{"rendered":"<p>Ab sofort mit noch mehr Inhalt! Das Starterset f\u00fcr die Kollagenfaden Lifting Behandlung besteht aus unseren Kollagenseidenf\u00e4den sowie den dazu passenden Wirkstoffampullen der Firma KLAPP. Die Seren verf\u00fcgen \u00fcber ein starkes Feuchtigkeitsbindeverm\u00f6gen und wirken in Kombination mit unseren Kollagenf\u00e4den als F\u00fcllsubstanz zur intensiven Faltengl\u00e4ttung. Eine tolle Anti Aging Behandlung in deiner Kabine. Produkthinweis: \u2022 Das [&hellip;]<\/p>\n","protected":false},"featured_media":15516,"template":"","meta":[],"product_brand":[],"product_cat":[208,217,128,228,85],"product_tag":[],"class_list":{"0":"post-13439","1":"product","2":"type-product","3":"status-publish","4":"has-post-thumbnail","6":"product_cat-profi-produkte","7":"product_cat-kollagenfaden-lifting","8":"product_cat-prettywoman-code","9":"product_cat-shop-gallery","10":"product_cat-shop-pretty-skin","12":"first","13":"instock","14":"taxable","15":"shipping-taxable","16":"purchasable","17":"product-type-simple"},"jetpack_sharing_enabled":true,"_links":{"self":[{"href":"https:\/\/youarepretty.de\/b2b\/wp-json\/wp\/v2\/product\/13439","targetHints":{"allow":["GET"]}}],"collection":[{"href":"https:\/\/youarepretty.de\/b2b\/wp-json\/wp\/v2\/product"}],"about":[{"href":"https:\/\/youarepretty.de\/b2b\/wp-json\/wp\/v2\/types\/product"}],"version-history":[{"count":5,"href":"https:\/\/youarepretty.de\/b2b\/wp-json\/wp\/v2\/product\/13439\/revisions"}],"predecessor-version":[{"id":24819,"href":"https:\/\/youarepretty.de\/b2b\/wp-json\/wp\/v2\/product\/13439\/revisions\/24819"}],"wp:featuredmedia":[{"embeddable":true,"href":"https:\/\/youarepretty.de\/b2b\/wp-json\/wp\/v2\/media\/15516"}],"wp:attachment":[{"href":"https:\/\/youarepretty.de\/b2b\/wp-json\/wp\/v2\/media?parent=13439"}],"wp:term":[{"taxonomy":"product_brand","embeddable":true,"href":"https:\/\/youarepretty.de\/b2b\/wp-json\/wp\/v2\/product_brand?post=13439"},{"taxonomy":"product_cat","embeddable":true,"href":"https:\/\/youarepretty.de\/b2b\/wp-json\/wp\/v2\/product_cat?post=13439"},{"taxonomy":"product_tag","embeddable":true,"href":"https:\/\/youarepretty.de\/b2b\/wp-json\/wp\/v2\/product_tag?post=13439"}],"curies":[{"name":"wp","href":"https:\/\/api.w.org\/{rel}","templated":true}]}}