{"id":12134,"date":"2021-11-17T13:26:56","date_gmt":"2021-11-17T12:26:56","guid":{"rendered":"http:\/\/s888834349.online.de\/?page_id=12134"},"modified":"2024-12-03T13:17:30","modified_gmt":"2024-12-03T12:17:30","slug":"widerrufsrecht","status":"publish","type":"page","link":"https:\/\/youarepretty.de\/b2b\/widerrufsrecht\/","title":{"rendered":"Widerrufsrecht"},"content":{"rendered":"\t\t<div data-elementor-type=\"wp-page\" data-elementor-id=\"12134\" class=\"elementor elementor-12134\" data-elementor-post-type=\"page\">\n\t\t\t\t\t\t<section class=\"elementor-section elementor-top-section elementor-element elementor-element-35c9030 elementor-reverse-mobile elementor-section-boxed elementor-section-height-default elementor-section-height-default elementor-invisible\" data-id=\"35c9030\" data-element_type=\"section\" data-settings=\"{&quot;background_background&quot;:&quot;classic&quot;,&quot;animation&quot;:&quot;fadeIn&quot;}\">\n\t\t\t\t\t\t<div class=\"elementor-container elementor-column-gap-no\">\n\t\t\t\t\t<div class=\"elementor-column elementor-col-100 elementor-top-column elementor-element elementor-element-4dade94\" data-id=\"4dade94\" data-element_type=\"column\">\n\t\t\t<div class=\"elementor-widget-wrap elementor-element-populated\">\n\t\t\t\t\t\t<div class=\"elementor-element elementor-element-ad9bbbf elementor-widget elementor-widget-heading\" data-id=\"ad9bbbf\" data-element_type=\"widget\" data-widget_type=\"heading.default\">\n\t\t\t\t<div class=\"elementor-widget-container\">\n\t\t\t\t\t<h1 class=\"elementor-heading-title elementor-size-default\">Widerrufsrecht<\/h1>\t\t\t\t<\/div>\n\t\t\t\t<\/div>\n\t\t\t\t<div class=\"elementor-element elementor-element-1b054e2 elementor-widget elementor-widget-heading\" data-id=\"1b054e2\" data-element_type=\"widget\" data-widget_type=\"heading.default\">\n\t\t\t\t<div class=\"elementor-widget-container\">\n\t\t\t\t\t<h4 class=\"elementor-heading-title elementor-size-default\">You Are Pretty Sch\u00f6nheitsinstitut<\/h4>\t\t\t\t<\/div>\n\t\t\t\t<\/div>\n\t\t\t\t\t<\/div>\n\t\t<\/div>\n\t\t\t\t\t<\/div>\n\t\t<\/section>\n\t\t\t\t<section class=\"elementor-section elementor-top-section elementor-element elementor-element-3bda8ad elementor-section-boxed elementor-section-height-default elementor-section-height-default elementor-invisible\" data-id=\"3bda8ad\" data-element_type=\"section\" data-settings=\"{&quot;background_background&quot;:&quot;classic&quot;,&quot;animation&quot;:&quot;fadeIn&quot;}\">\n\t\t\t\t\t\t<div class=\"elementor-container elementor-column-gap-default\">\n\t\t\t\t\t<div class=\"elementor-column elementor-col-100 elementor-top-column elementor-element elementor-element-238f1c7\" data-id=\"238f1c7\" data-element_type=\"column\">\n\t\t\t<div class=\"elementor-widget-wrap elementor-element-populated\">\n\t\t\t\t\t\t<div class=\"elementor-element elementor-element-79f8309 elementor-widget elementor-widget-text-editor\" data-id=\"79f8309\" data-element_type=\"widget\" data-widget_type=\"text-editor.default\">\n\t\t\t\t<div class=\"elementor-widget-container\">\n\t\t\t\t\t\t\t\t\t<p><strong>Widerrufsrecht f\u00fcr Verbraucher<\/strong><\/p><p><strong>1.<\/strong><br \/><strong>Widerrufsbelehrung f\u00fcr die Lieferung von Waren<\/strong><\/p><p>Wenn der K\u00e4ufer Verbraucher ist, steht ihm das folgende Widerrufsrecht zu:<\/p><p>Du hast das Recht, binnen vierzehn Tagen ohne Angabe von Gr\u00fcnden diesen Vertrag zu widerrufen. Die Widerrufsfrist betr\u00e4gt vierzehn Tage ab dem Tag an dem du oder ein von dir benannter Dritter, der nicht der Bef\u00f6rderer ist, die Waren in Besitz genommen haben bzw. hat. Im Falle eines Vertrags \u00fcber mehrere Waren, die du im Rahmen einer einheitlichen Bestellung bestellt haben und die getrennt geliefert werden beginnt die Frist an dem Tag, an dem du oder ein von Ihnen benannter Dritter, der nicht der Bef\u00f6rderer ist, die letzte Ware in Besitz genommen haben bzw. hat.<\/p><p>Um dein Widerrufsrecht auszu\u00fcben, musst du uns (Sabine Firtzlaff, Altdorfer Stra\u00dfe 7, 71157 B\u00f6blingen-Hildrizhausen, Deutschland, Telefon: 0162 898 5627, E-Mail: youarepretty@web.de) mittels einer eindeutigen Erkl\u00e4rung (z.B. ein mit der Post versandter Brief, Telefax oder E-Mail) \u00fcber deinen Entschluss, diesen Vertrag zu widerrufen, informieren. Du kannst daf\u00fcr das beigef\u00fcgte Muster-Widerrufsformular verwenden, das jedoch nicht vorgeschrieben ist. Zur Wahrung der Widerrufsfrist reicht es aus, dass du die Mitteilung \u00fcber die Aus\u00fcbung des Widerrufsrechts vor Ablauf der Widerrufsfrist absenden.<\/p><p><strong>Folgen des Widerrufs<\/strong><\/p><p>Wenn du diesen Vertrag widerrufst, haben wir dir alle Zahlungen, die wir von dir erhalten haben, einschlie\u00dflich der Lieferkosten (mit Ausnahme der zus\u00e4tzlichen Kosten, die sich daraus ergeben, dass du eine andere Art der Lieferung als die von uns angebotene, g\u00fcnstigste Standardlieferung gew\u00e4hlt hast), unverz\u00fcglich und sp\u00e4testens binnen vierzehn Tagen ab dem Tag zur\u00fcckzuzahlen, an dem die Mitteilung \u00fcber deinen Widerruf dieses Vertrags bei uns eingegangen ist. F\u00fcr diese R\u00fcckzahlung verwenden wir dasselbe Zahlungsmittel, das du bei der urspr\u00fcnglichen Transaktion eingesetzt hast, es sei denn, mit dir wurde ausdr\u00fccklich etwas anderes vereinbart; in keinem Fall werden dir wegen dieser R\u00fcckzahlung Entgelte berechnen.<\/p><p>Wir k\u00f6nnen die R\u00fcckzahlung verweigern, bis wir die Waren wieder zur\u00fcckerhalten haben oder bis du den Nachweis erbracht hast, dass du die Waren zur\u00fcckgesandt hast, je nachdem, welches der fr\u00fchere Zeitpunkt ist.<\/p><p>Du hats die Waren unverz\u00fcglich und in jedem Fall sp\u00e4testens binnen vierzehn Tagen ab dem Tag, an dem du uns \u00fcber den Widerruf dieses Vertrages unterrichtet hast, an uns zu zur\u00fcckzusenden oder zu \u00fcbergeben. Die Frist ist gewahrt, wenn du die Waren vor Ablauf der Frist von vierzehn Tagen absendest. Du tr\u00e4gst die unmittelbaren Kosten der R\u00fccksendung der Waren.<\/p><p>Du musst f\u00fcr einen etwaigen Wertverlust der Waren nur aufkommen, wenn dieser Wertverlust auf einen zur Pr\u00fcfung der Beschaffenheit, Eigenschaften und Funktionsweise der Waren nicht notwendigen Umgang mit ihnen zur\u00fcckzuf\u00fchren ist.<\/p><p><strong>Hinweis<\/strong><\/p><p>Das Widerrufsrecht besteht nicht bei Fernabsatzvertr\u00e4gen \u00fcber die Lieferung von Waren, die nicht vorgefertigt sind und f\u00fcr deren Herstellung eine individuelle Auswahl oder Bestimmung durch den Verbraucher ma\u00dfgeblich ist oder die eindeutig auf die pers\u00f6nlichen Bed\u00fcrfnisse des Verbrauchers zugeschnitten sind, bei Fernabsatzvertr\u00e4gen \u00fcber die Lieferung von Zeitungen, Zeitschriften oder Illustrierten mit Ausnahme von Abonnement-Vertr\u00e4gen, bei Fernabsatzvertr\u00e4gen \u00fcber die Lieferung versiegelter Waren, die aus Gr\u00fcnden des Gesundheitsschutzes oder der Hygiene nicht zur R\u00fcckgabe geeignet sind, wenn ihre Versiegelung nach der Lieferung entfernt wurde; bei Fernabsatzvertr\u00e4gen \u00fcber die Lieferung von Waren, wenn diese nach der Lieferung auf Grund ihrer Beschaffenheit untrennbar mit anderen G\u00fctern vermischt wurden; bei Fernabsatzvertr\u00e4gen \u00fcber die Lieferung von Ton- oder Videoaufnahmen oder Computersoftware in einer versiegelten Packung, wenn die Versiegelung nach der Lieferung entfernt wurde.\u201c<\/p><p><strong>2.<\/strong><br \/><strong>Widerrufbelehrung f\u00fcr die Lieferung digitaler Inhalte<\/strong><\/p><p>Wenn der K\u00e4ufer Verbraucher ist, steht ihm das folgende Widerrufsrecht zu:<\/p><p>Du hast das Recht, binnen vierzehn Tagen ohne Angabe von Gr\u00fcnden diesen Vertrag zu widerrufen. Die Widerrufsfrist betr\u00e4gt vierzehn Tage ab dem Tag des Vertragsschlusses. Um dein Widerrufsrecht auszu\u00fcben, musst du uns (Sabine Firtzlaff, Altdorfer Stra\u00dfe 7, 71157 B\u00f6blingen-Hildrizhausen, Deutschland, Telefon: 0162 898 5627, E-Mail: youarepretty@web.de) mittels einer eindeutigen Erkl\u00e4rung (z.B. ein mit der Post versandter Brief, Telefax oder E-Mail) \u00fcber deinen Entschluss, diesen Vertrag zu widerrufen, informieren. Du kannst daf\u00fcr das beigef\u00fcgte Muster-Widerrufsformular verwenden, das jedoch nicht vorgeschrieben ist. Zur Wahrung der Widerrufsfrist reicht es aus, dass du die Mitteilung \u00fcber die Aus\u00fcbung des Widerrufsrechts vor Ablauf der Widerrufsfrist absenden.<\/p><p><strong>Folgen des Widerrufs<\/strong><\/p><p>Wenn du diesen Vertrag widerrufst, haben wir dir alle Zahlungen, die wir von dir erhalten haben, einschlie\u00dflich der Lieferkosten (mit Ausnahme der zus\u00e4tzlichen Kosten, die sich daraus ergeben, dass du eine andere Art der Lieferung als die von uns angebotene, g\u00fcnstigste Standardlieferung gew\u00e4hlt haben), unverz\u00fcglich und sp\u00e4testens binnen vierzehn Tagen ab dem Tag zur\u00fcckzuzahlen, an dem die Mitteilung \u00fcber deinen Widerruf dieses Vertrags bei uns eingegangen ist. F\u00fcr diese R\u00fcckzahlung verwenden wir dasselbe Zahlungsmittel, das du bei der urspr\u00fcnglichen Transaktion eingesetzt haben, es sei denn, mit dir wurde ausdr\u00fccklich etwas anderes vereinbart; in keinem Fall werden Ihnen wegen dieser R\u00fcckzahlung Entgelte berechnet<\/p><p><strong>Bitte beachte<\/strong><\/p><p>Das Widerrufsrecht erlischt bei einem Vertrag \u00fcber die Lieferung von nicht auf einem k\u00f6rperlichen Datentr\u00e4ger befindlichen digitalen Inhalten, wenn wir mit der Ausf\u00fchrung des Vertrages begonnen haben, nachdem du ausdr\u00fccklich zugestimmt hast, dass wir mit der Ausf\u00fchrung des Vertrages vor Ablauf der Widerrufsfrist beginnen und du die Kenntnis davon best\u00e4tigt hast, dass du durch deine Zustimmung mit Beginn der Ausf\u00fchrung des Vertrages dein Widerrufsrecht verlierst.<\/p><p><strong>3.<\/strong><br \/><strong>Widerrufsbelehrung f\u00fcr die Erbringung von Dienstleistungen<\/strong><\/p><p>Wenn der K\u00e4ufer Verbraucher ist, steht ihm das folgende Widerrufsrecht zu:<\/p><p>Du hast das Recht, binnen vierzehn Tagen ohne Angabe von Gr\u00fcnden diesen Vertrag zu widerrufen. Die Widerrufsfrist betr\u00e4gt vierzehn Tage ab dem Tag des Vertragsschlusses. Um dein Widerrufsrecht auszu\u00fcben, musst du uns (Sabine Firtzlaff, Altdorfer Stra\u00dfe 7, 71157 B\u00f6blingen-Hildrizhausen, Deutschland, Telefon: 0162 898 5627, E-Mail: youarepretty@web.de) mittels einer eindeutigen Erkl\u00e4rung (z.B. ein mit der Post versandter Brief, Telefax oder E-Mail) \u00fcber deinen Entschluss, diesen Vertrag zu widerrufen, informieren. Du kannst daf\u00fcr das beigef\u00fcgte Muster-Widerrufsformular verwenden, das jedoch nicht vorgeschrieben ist. Zur Wahrung der Widerrufsfrist reicht es aus, dass du die Mitteilung \u00fcber die Aus\u00fcbung des Widerrufsrechts vor Ablauf der Widerrufsfrist absenden.<\/p><p><strong>Folgen des Widerrufs<\/strong><\/p><p>Wenn du diesen Vertrag widerrufst, haben wir dir alle Zahlungen, die wir von dir erhalten haben, einschlie\u00dflich der Lieferkosten (mit Ausnahme der zus\u00e4tzlichen Kosten, die sich daraus ergeben, dass du eine andere Art der Lieferung als die von uns angebotene, g\u00fcnstigste Standardlieferung gew\u00e4hlt haben), unverz\u00fcglich und sp\u00e4testens binnen vierzehn Tagen ab dem Tag zur\u00fcckzuzahlen, an dem die Mitteilung \u00fcber deinen Widerruf dieses Vertrags bei uns eingegangen ist. F\u00fcr diese R\u00fcckzahlung verwenden wir dasselbe Zahlungsmittel, das du bei der urspr\u00fcnglichen Transaktion eingesetzt haben, es sei denn, mit dir wurde ausdr\u00fccklich etwas anderes vereinbart; in keinem Fall werden Ihnen wegen dieser R\u00fcckzahlung Entgelte berechnet.<\/p><p>Hast du verlangt, dass die Dienstleistung w\u00e4hrend der Widerrufsfrist beginnen soll, so hast du uns einen angemessenen Betrag zu zahlen, der dem Anteil der bis zu dem Zeitpunkt, zu dem du uns von der Aus\u00fcbung des Widerrufsrechts hinsichtlich des Vertrages unterrichtest, bereits erbrachten Dienstleistungen im Vergleich zum Gesamtumfang der im Vertrag vorgesehenen Dienstleistung entspricht.<\/p><p><strong>4.<\/strong><br \/><strong>Muster-Widerrufsformular<\/strong><\/p><p>(Wenn du den Vertrag widerrufen willst, dann f\u00fclle bitte dieses Formular aus und senden es zur\u00fcck.)<\/p><p>-An Sabine Firtzlaff, Altdorfer Stra\u00dfe 7, 71157 B\u00f6blingen-Hildrizhausen, Deutschland, Telefon: 0162 898 5627, E-Mail: youarepretty@web.de<\/p><p>\u2013Hiermit widerrufe(n) ich\/wir (*) den von mir\/uns (*) abgeschlossenen Vertrag \u00fcber den Kauf der folgenden Waren (*)\/die Erbringung der folgenden Dienstleistung (*)<\/p><p>\u2013Bestellt am (*)\/erhalten am (*)<\/p><p>\u2013Name des\/der Verbraucher(s)<\/p><p>\u2013Anschrift des\/der Verbraucher(s)<\/p><p>\u2013Unterschrift des\/der Verbraucher(s) (nur bei Mitteilung auf Papier)<\/p><p>\u2013Datum<\/p><p>(*) Unzutreffendes streichen.<\/p><p>Ende Muster-Widerrufsformular<\/p>\t\t\t\t\t\t\t\t<\/div>\n\t\t\t\t<\/div>\n\t\t\t\t<div class=\"elementor-element elementor-element-02d451a elementor-widget elementor-widget-heading\" data-id=\"02d451a\" data-element_type=\"widget\" data-widget_type=\"heading.default\">\n\t\t\t\t<div class=\"elementor-widget-container\">\n\t\t\t\t\t<h3 class=\"elementor-heading-title elementor-size-default\">So funktioniert die R\u00fcckgabe<\/h3>\t\t\t\t<\/div>\n\t\t\t\t<\/div>\n\t\t\t\t<div class=\"elementor-element elementor-element-30b8cc2 elementor-widget elementor-widget-text-editor\" data-id=\"30b8cc2\" data-element_type=\"widget\" data-widget_type=\"text-editor.default\">\n\t\t\t\t<div class=\"elementor-widget-container\">\n\t\t\t\t\t\t\t\t\t<p><strong>SCHRITT 1<br \/><\/strong><\/p><p>Bitte drucke das R\u00fccksendeformular aus, f\u00fclle es komplett aus und lege es zusammen mit den Artikeln in den Karton, in dem du deine Artikel bekommen hast (alternativ in einen anderen, genauso stabilen Karton).<\/p>\t\t\t\t\t\t\t\t<\/div>\n\t\t\t\t<\/div>\n\t\t\t\t<div class=\"elementor-element elementor-element-de9ad9f elementor-align-center elementor-mobile-align-center elementor-widget elementor-widget-button\" data-id=\"de9ad9f\" data-element_type=\"widget\" data-widget_type=\"button.default\">\n\t\t\t\t<div class=\"elementor-widget-container\">\n\t\t\t\t\t\t\t\t\t<div class=\"elementor-button-wrapper\">\n\t\t\t\t\t<a class=\"elementor-button elementor-button-link elementor-size-sm\" href=\"https:\/\/youarepretty.de\/b2b\/wp-content\/uploads\/2024\/04\/ruecksendeformular.pdf\" target=\"_blank\">\n\t\t\t\t\t\t<span class=\"elementor-button-content-wrapper\">\n\t\t\t\t\t\t\t\t\t<span class=\"elementor-button-text\">R\u00fccksendeformular ausdrucken \u00bb<\/span>\n\t\t\t\t\t<\/span>\n\t\t\t\t\t<\/a>\n\t\t\t\t<\/div>\n\t\t\t\t\t\t\t\t<\/div>\n\t\t\t\t<\/div>\n\t\t\t\t<div class=\"elementor-element elementor-element-c100185 elementor-widget elementor-widget-text-editor\" data-id=\"c100185\" data-element_type=\"widget\" data-widget_type=\"text-editor.default\">\n\t\t\t\t<div class=\"elementor-widget-container\">\n\t\t\t\t\t\t\t\t\t<p><strong>SCHRITT 2<\/strong><\/p><p>Schicke den gut verschlossenen Karton an:<br \/>You Are Pretty Sch\u00f6nheitsinstitut<br \/>Sabine Firtzlaff<br \/>Altdorfer Stra\u00dfe 7<br \/>71157 B\u00f6blingen-Hildrizhausen<br \/>Deutschland<\/p><p><strong>SCHRITT 3<\/strong><\/p><p>Benachrichtige uns umgehend mit einer E-Mail an youarepretty@web.de \u00fcber die Artikel, die du zur\u00fcck geschickt hast. Gib dabei zwingend die Bestellnummer an.<\/p><p>Sobald dein Paket bei uns eingetroffen ist und gepr\u00fcft wurde, werden wir mit der R\u00fcckerstattung beginnen. Bitte beachte, dass die R\u00fcckzahlung \u00fcber die urspr\u00fcngliche ausgew\u00e4hlte Zahlungsmethode erfolgt. Alle Infos zu Widerrufen findest du in unseren Allgemeinen Gesch\u00e4ftsbedingungen.<\/p>\t\t\t\t\t\t\t\t<\/div>\n\t\t\t\t<\/div>\n\t\t\t\t\t<\/div>\n\t\t<\/div>\n\t\t\t\t\t<\/div>\n\t\t<\/section>\n\t\t\t\t<\/div>\n\t\t","protected":false},"excerpt":{"rendered":"<p>Widerrufsrecht You Are Pretty Sch\u00f6nheitsinstitut Widerrufsrecht f\u00fcr Verbraucher 1.Widerrufsbelehrung f\u00fcr die Lieferung von Waren Wenn der K\u00e4ufer Verbraucher ist, steht ihm das folgende Widerrufsrecht zu: Du hast das Recht, binnen vierzehn Tagen ohne Angabe von Gr\u00fcnden diesen Vertrag zu widerrufen. Die Widerrufsfrist betr\u00e4gt vierzehn Tage ab dem Tag an dem du oder ein von dir [&hellip;]<\/p>\n","protected":false},"author":1,"featured_media":0,"parent":0,"menu_order":0,"comment_status":"closed","ping_status":"closed","template":"elementor_header_footer","meta":{"footnotes":""},"class_list":["post-12134","page","type-page","status-publish","hentry"],"jetpack_sharing_enabled":true,"_links":{"self":[{"href":"https:\/\/youarepretty.de\/b2b\/wp-json\/wp\/v2\/pages\/12134","targetHints":{"allow":["GET"]}}],"collection":[{"href":"https:\/\/youarepretty.de\/b2b\/wp-json\/wp\/v2\/pages"}],"about":[{"href":"https:\/\/youarepretty.de\/b2b\/wp-json\/wp\/v2\/types\/page"}],"author":[{"embeddable":true,"href":"https:\/\/youarepretty.de\/b2b\/wp-json\/wp\/v2\/users\/1"}],"replies":[{"embeddable":true,"href":"https:\/\/youarepretty.de\/b2b\/wp-json\/wp\/v2\/comments?post=12134"}],"version-history":[{"count":5,"href":"https:\/\/youarepretty.de\/b2b\/wp-json\/wp\/v2\/pages\/12134\/revisions"}],"predecessor-version":[{"id":24614,"href":"https:\/\/youarepretty.de\/b2b\/wp-json\/wp\/v2\/pages\/12134\/revisions\/24614"}],"wp:attachment":[{"href":"https:\/\/youarepretty.de\/b2b\/wp-json\/wp\/v2\/media?parent=12134"}],"curies":[{"name":"wp","href":"https:\/\/api.w.org\/{rel}","templated":true}]}}